?
22
Calculate the remainder when 123 is divided by (-182)/(-6) - 2*5/(-6).
27
Let s be 34 + 1 - 2*1. Let x = s + -17. What is the remainder when 42 is divided by x?
10
Let p be (-103 - 2)*((-2)/6 + 0). What is the remainder when 36 + ((-2)/7 - p/49) is divided by 12?
11
Let a(j) = -7*j. Let c be a(-8). Suppose -4*d - 172 = -4*i - c, 5*d = 20. Let q(y) = -y**2 - 8*y - 6. What is the remainder when i is divided by q(-5)?
6
Let p = 36 + -22. Let g(a) be the third derivative of a**4/8 - 11*a**3/6 + a**2. Calculate the remainder when g(p) is divided by 16.
15
Suppose -f = -3, w - 2 - 13 = -2*f. Let d be 4/14 + (-222)/42. What is the remainder when (176/(-8) - d)/((-2)/4) is divided by w?
7
Suppose 6*u = 3*u. Suppose -4*i + 2*z + u*z = -86, 0 = z + 3. Calculate the remainder when 79/1 + -1 + 4/4 is divided by i.
19
Let h be 3/(-12)*2*-8. Suppose 2*t + j + 21 = 4*t, 2*t + 4 = -h*j. Suppose -k + t = -33. Calculate the remainder when 162 is divided by k.
39
Suppose z = -3*x + 71, 0*z + 3*x + 47 = z. Let b = 76 - z. Calculate the remainder when b is divided by 9.
8
What is the remainder when 669 is divided by (-98)/(-6) - (2 - 40/24)?
13
Let c be 2/4 + 549/(-18). Let o = c + 58. Suppose 2*s + 8 = o. What is the remainder when s is divided by 3?
1
Suppose -o - 2*o + 15 = 0. Let u = 23 - 10. Let f = u - o. Calculate the remainder when 14 is divided by f.
6
Let n be 12/(-3 - 9/(-6)). Suppose -4*f - 6*t + 4*t = -156, 2*t + 78 = 2*f. What is the remainder when f is divided by (-4)/(n/(-3)) + 86/4?
19
Suppose 1 + 11 = 3*t, u - 28 = 5*t. Let g(r) = 12*r + 3. Let z(m) = 13*m + 3. Let j(x) = -5*g(x) + 4*z(x). Calculate the remainder when u is divided by j(-2).
9
Suppose 0 = x - 2*d + 4, x + 2*x - 3*d = 0. Suppose -4*n + s + 388 = 5*s, -x*s + 196 = 2*n. Calculate the remainder when n is divided by 33.
30
Suppose -4*g + 242 = -6*f + f, 4*g = 4*f + 240. Let i(d) = 20*d - 1. Let w be i(3). Suppose 21 + w = 4*v. Calculate the remainder when g is divided by v.
18
Let z be (1 + (-141)/(-21))/(6/28). Let t = 10 + z. What is the remainder when t is divided by 12?
10
Let x = -14 + 6. Let c = 4 - x. Let o = c - 6. What is the remainder when 21 is divided by o?
3
Suppose -103*s = -95*s - 112. What is the remainder when 48 is divided by s?
6
Suppose -l - 3 + 1 = 0, -5*l + 164 = 3*w. Suppose 3*t - w = -2*y, -t + 137 - 11 = 4*y. Suppose -3*h = h - y. What is the remainder when 31 is divided by h?
7
Suppose -4*w + 2443 = -5*m, 3*w - 16*m = -21*m + 1806. Calculate the remainder when w is divided by 61.
58
Let a = 7 - 7. Suppose a = 7*m - 135 - 26. Calculate the remainder when m is divided by 6.
5
Let a = 365 - 359. Let o be (0 - 3) + 2 - -3. Let q = o - -8. What is the remainder when q is divided by a?
4
Let n(f) = 4*f**2 - 8*f + 4. Let q(w) = 3*w + 35. Let s be q(-13). Calculate the remainder when n(s) is divided by 17.
15
Let g = -11 - -16. Suppose -3*j + 187 = 136. Calculate the remainder when j is divided by g.
2
Calculate the remainder when 39 is divided by (-260)/(-30) + -3 + (-4)/6.
4
What is the remainder when 48 + -56 - (-229 - -1) is divided by 15?
10
Suppose -2*f + 3*f - 4 = 0. Suppose -b = -4*x - 146, 7*x - 554 = -4*b + 8*x. Calculate the remainder when b is divided by 36 - (f - (-3)/(-1)).
33
Calculate the remainder when 143 - -14 - (-7 - 1) is divided by 24.
21
Let g = 1008 + -826. Calculate the remainder when g is divided by 37.
34
Suppose -3*l = 3*d - 456, -5*d - 240 = -4*l + 413. Suppose -2*c - 51 = -l. What is the remainder when c is divided by ((-4)/5)/(8/(-180))?
17
Let o(k) = k**3 - 5*k**2 + 4*k + 2. Let h(y) = y**3 + 7*y**2 - 3*y - 1. Let p = -70 - -65. Calculate the remainder when h(p) is divided by o(5).
20
Suppose -1620 = -10*g - 60. Suppose 152*z - g*z = -56. What is the remainder when ((-51)/(-2))/(9/24) is divided by z?
12
Suppose 4*i = 16, 3*j - j + 12 = 3*i. Let u = 3 + 17. Suppose j = 4*n - u - 172. What is the remainder when n is divided by 25?
23
Suppose -466*o + 476*o - 910 = 0. Calculate the remainder when o is divided by 47.
44
Let i(n) = -n**3 - 6*n**2 - 2*n + 5. Let p be i(-7). Let z = p + -5. Calculate the remainder when z is divided by 4 + 242/11 - 4.
19
Suppose -2*h = 2*h - 2120. Suppose 7*f - h = 16. Calculate the remainder when f is divided by 20.
18
Suppose -v - 4*u + 39 = 0, -4*v - 3*u + 35 = -3*v. Let f(j) = j**3 - 8*j**2 + 17*j - 26. What is the remainder when f(7) is divided by v?
21
What is the remainder when 5 is divided by (-78)/234 + (-20)/(-6)?
2
Let d = 130 + -115. Let y = -81 + 138. Calculate the remainder when y is divided by d.
12
Suppose -4*i - v = -0*v - 27, 0 = 5*i + 4*v - 31. Let s(o) = o**2 - o - 11. What is the remainder when 82 is divided by s(i)?
20
Suppose -1254 = -33*c - 0*c. Calculate the remainder when 135 is divided by c.
21
Suppose 3*u + x - 120 = 6*x, -4*u + x + 177 = 0. What is the remainder when u is divided by 43?
2
Suppose -2*h + 10 = -10. Calculate the remainder when h is divided by 1/((-4)/(-6))*2.
1
Let f = 425 + -329. Calculate the remainder when f is divided by 11.
8
Suppose 3*g - u - 174 = 28, 2*g = u + 134. What is the remainder when 338 is divided by g?
66
Let y = 72 - -22. Let v = 176 - y. What is the remainder when v is divided by 28?
26
Suppose 4*k = -5*z - 2, 2 = -2*z - 2. Let j(v) = 4*v + 1. What is the remainder when (-2)/(-6) - 294/(-9) is divided by j(k)?
6
Let i = -1598 - -1600. What is the remainder when 6*1/2 - 0 is divided by i?
1
Let g(y) = 5*y**2 + y. Let h be g(1). Suppose 81 = -h*x + 3*x. Let u = -9 - x. What is the remainder when 70 is divided by u?
16
Suppose 0*t = 2*t - 120. Let u = -24 + t. Suppose 0 = -b + 4*w + 3, 9*b - u = 4*b - w. What is the remainder when b is divided by 2?
1
Suppose 0 = -27*b + 20*b - 56. Let c(v) = v**2 + 2*v - 31. What is the remainder when 84 is divided by c(b)?
16
What is the remainder when ((-4)/(-6))/(12/175266*7) is divided by 93?
89
Suppose 23*n = 423 + 382. What is the remainder when n is divided by 17?
1
Let g = 621 - 609. Calculate the remainder when g is divided by 10.
2
Let s(j) = j**3 - 11*j**2 + 9*j + 10. Let h be s(10). Suppose -4*d + 48 - 4 = h. Suppose -6*w + 5*w = -32. Calculate the remainder when w is divided by d.
10
Let m = -283 + 473. Suppose -g - 2*g = -2*v - m, g = -4*v + 54. Calculate the remainder when g is divided by 24.
14
Let o(a) = -a**2 + a + 2*a**2 - 22 - 3*a**2 + a**2 - a**3. Let p be o(0). Let x = 34 + p. What is the remainder when 23 is divided by x?
11
Let i(z) = 14*z + 4. Let w be i(7). Suppose -w = -3*o - 12. Calculate the remainder when (6/15)/((-2)/(-290)) is divided by o.
28
Suppose -3*k = -9*k + 18. Suppose 0 = -0*d + 3*d - t - 83, k*t + 53 = 2*d. Calculate the remainder when (-82)/(-3)*(3 - 0) is divided by d.
26
Suppose -d - 2 = -9. Calculate the remainder when 7 is divided by 8/(-24) + d/3.
1
Let i = 102 - 87. Suppose h + i = z - 2*h, -4*z - 4*h = -60. Calculate the remainder when 50 is divided by z.
5
Let r(l) = l**3 - 5*l**2 + 3*l + 3. Let m = 173 - 167. Calculate the remainder when 340 is divided by r(m).
55
Suppose -5*p + 56*p = 20553. Calculate the remainder when p is divided by 29.
26
Suppose 3*b - 2*k = -19 + 139, -3*k = -9. Suppose 5*u - 153 = -5*v + 182, -173 = -3*u + 4*v. Let c = 85 - u. Calculate the remainder when b is divided by c.
20
What is the remainder when 169 is divided by (-3 - (-6)/4)*-18?
7
Let c(j) = -j**3 + 8*j**2 - 3*j - 5. Suppose 2*l + 390 = -3*s, -2*s = 4*l + 223 + 37. Calculate the remainder when c(4) is divided by 2/(-13) + (-2100)/s.
15
Suppose 17 = s + b, -2*s + 7*s - b = 55. Calculate the remainder when 33 is divided by s.
9
Suppose 3*l + 21 = 2*a + 121, -3*a = -2*l + 70. Calculate the remainder when 121 is divided by l.
25
Suppose 0 = r + 5*b - 33, -2*r - 4*b + b + 66 = 0. What is the remainder when 329 is divided by r?
32
Let y(w) = -3*w - 4. Let m = -302 + 333. What is the remainder when m is divided by y(-4)?
7
Let p = 531 + -513. Calculate the remainder when 249 is divided by p.
15
Suppose -3*b + 0*b + 48 = 0. Let n = -62 - -32. Let l = 61 + n. What is the remainder when l is divided by b?
15
Let c be (-4)/24 - (-114)/36. Suppose 5*v - 420 = -5*u, -4*v = -11 + c. Let i = 36 + -15. Calculate the remainder when u is divided by i.
19
Let d(l) = -l**2 - 16*l - 18. Let 